- 46, 3*d - 7 = -i. Calculate t(i).
15
Let t(a) = -5*a + 24. Suppose -5*b = 4*y - 62, -46*y + 43*y - 6 = -5*b. Calculate t(y).
-16
Let c be -1 + (2 - 6/2). Let w(n) = -6*n**3 - 4*n**2 + 4*n + 3. Let j = -48 - -47. Let q(k) = -k**3 - k**2 + k + 1. Let t(p) = j*w(p) + 2*q(p). Calculate t(c).
-21
Suppose j + 3149 = -4*w, 0 = -0*w - 5*w + 25. Let g = j - -4775. Let o(s) = g*s - 1608*s + 9 + 2. Give o(8).
-5
Let r = -10521 - -10514. Let b(c) = -c**3 - 8*c**2 - 12*c - 28. Calculate b(r).
7
Let l = -40 - -38. Let v(x) = -2*x - 8 - 12*x**2 + 11*x**2 + 20 - 11. Give v(l).
1
Suppose m - 4 = -3*m. Let p(n) be the second derivative of 5*n**4/12 + 13642*n. Give p(m).
5
Let b(i) be the first derivative of i**4/4 + 2*i**3 + 5*i**2/2 + 2828. Determine b(-5).
0
Let g be (-3)/18*-82*3. Suppose 10 = -36*m + g*m. Let u(b) be the first derivative of -b**3/3 + 3*b**2/2 - 2*b + 2. Determine u(m).
0
Let s(b) = -2*b + 15. Let v be s(9). Let r(a) = 37*a - 7. Let x(z) = -44*z + 8. Let i(k) = 6*r(k) + 5*x(k). What is i(v)?
-8
Let a(w) be the second derivative of -3*w**2 + 0 + 26*w + 1/6*w**4 + 2/3*w**3 - 1/20*w**5. Give a(4).
-22
Let u(c) = c**3 + 25*c**2 - 26*c + 7. Suppose -4*s = 5*q + 150, -2*q + 5*s - 59 = -32. What is u(q)?
7
Let i(f) = 60*f + 8. Let y(a) = -15*a - 464. Let o be y(-31). Give i(o).
68
Let b(h) = -h**2 - 5*h - 2. Let r(q) = q**2 - 26*q + 68. Let d be r(23). Suppose 0 = -3*o - 6, 3*o = p + 2*o + 2. Let g be (-1)/d*p - 0. Calculate b(g).
2
Let z(r) be the second derivative of 11*r**3/6 - 41*r**2/2 + 3655*r. What is z(5)?
14
Let y(u) = -3*u**2 - 7*u - 13. Let d(x) be the second derivative of -x**4/6 - 5*x**3/6 - 5*x**2 + 154*x. Let t(i) = -7*d(i) + 5*y(i). Calculate t(5).
-20
Let m(j) = -4 - 10 + 0*j + 0*j + 11 - 8*j. Determine m(-5).
37
Let t(s) = -1791*s + 885*s + 6 + 894*s + s**2. Give t(8).
-26
Let y(t) = -174*t + 9*t**2 - 231*t + 404*t. What is y(3)?
78
Let y(m) = m**2 - 29*m - 148. Let b be y(34). Let o(c) = 424 - 424 - 9*c + b*c. Calculate o(2).
26
Let l(h) be the third derivative of 3*h**4/4 + 5*h**3/6 - 4180*h**2. What is l(-1)?
-13
Let o(j) = j + 4*j + 2 - 3*j. Let i(g) = 5*g + 48. Let p be i(0). Suppose -3*d = 13*d + p. What is o(d)?
-4
Let r(u) = 557*u + 11. Let v(t) = -464*t - 12. Let g(j) = -5*r(j) - 6*v(j). Give g(11).
6
Let a(p) be the third derivative of p**6/120 + 13*p**5/30 - p**4/8 - 29*p**3/3 - 17*p**2 - 10*p. What is a(-26)?
20
Suppose -w + k = 1, -10 - 5 = -3*k. Suppose 5*t + w*f - 51 + 11 = 0, 2*t = 4*f - 12. Let s(y) = 0*y - t*y - 1 - 2 + 5*y. Give s(-6).
-9
Let q(t) = t**3 - 2*t**2 + 9*t - 4. Let m(n) = -n**3 - n**2 - n + 1. Let b be m(-1). Let l be q(b). Let x(d) = -d**3 + 14*d**2 + 2. Calculate x(l).
2
Let a(o) = 5*o**2 + 6*o - 1. Let r = -10136 - -10136. Determine a(r).
-1
Let z = 2845 + -2849. Let q(o) = -5*o - 19. Determine q(z).
1
Suppose 79*b - 173*b = -6*b + 352. Let h(m) = 2*m**3 - 3*m**3 + 6*m - 2*m - 3*m**2 + 5. Determine h(b).
5
Let j(q) = -15*q**2 - q - 3. Let v(r) = 2*r**2 - r + 1. Let t(i) = j(i) + 4*v(i). Let z(k) = -19*k**2 - 15*k + 4. Let a(h) = 11*t(h) - 4*z(h). Give a(4).
-1
Let m(u) be the third derivative of -u**4/8 + 3*u**3 - u**2 + 130*u + 3. What is m(7)?
-3
Let o(w) = -3*w**3 + 6*w**2 - 2*w - 3. Let j(u) = -13*u**3 + 24*u**2 - 7*u - 12. Let n(b) = 2*j(b) - 9*o(b). Let f = 41 - 35. Calculate n(f).
27
Suppose 230*o - 229*o - 1 = 0. Let s(q) = q**3 - q**2 - 1. Let v(m) = 2*m**3 + 6*m**2 + m + 6. Let n(d) = o*s(d) - v(d). Calculate n(-7).
0
Let r(q) = 95*q + 31. Let t(c) = 53*c + 16. Let i(h) = -5*r(h) + 9*t(h). Determine i(-6).
-23
Let q(a) = a - 9. Let x be 4 + ((-14)/(-1))/(2 + -1). Let j be q(x). Suppose 11*w - j*w = 2. Let z(n) = n**3 - 3*n**2 + n. Calculate z(w).
-1
Suppose 578*x = 542*x + 324. Let v(l) = -l**2 + 11*l - 15. Give v(x).
3
Let l(w) be the second derivative of -w**3/2 - 17*w**2 - 3*w + 228. Determine l(-5).
-19
Let n(w) = -w**2 - 11*w + 33. Let x = -7321 + 7307. Calculate n(x).
-9
Let a(l) = 5*l**2. Let r = 46 - 87. Suppose 2*k = 5*d - 85, 8*k - 9*k - 45 = -5*d. Let o = r - k. Give a(o).
5
Suppose -11*r + 72 = -20*r. Let q(k) = -9*k + 21. Let z(f) = -13*f + 31. Let s(c) = r*q(c) + 5*z(c). Calculate s(2).
1
Let s(k) = 2*k + 4. Let x be 2/(-14)*-29 - (-3)/(-21). Suppose 6*n - 2*n - 8 = 0, -x*v - 28 = -2*n. Determine s(v).
-8
Let s(c) = 32*c - 5. Let j = -1256 + 1260. Calculate s(j).
123
Let t(f) = -5. Let d(w) = -9. Let a(c) = 3*d(c) - 5*t(c). Let z(k) = 4*k - 1. Let n(u) = -2*a(u) + z(u). Give n(-2).
-5
Let r = 9837 - 9828. Let u(j) = -3*j - 5. Give u(r).
-32
Let j(g) = -g - 304. Let k(x) = -x - 263. Let v(s) = 6*j(s) - 7*k(s). Calculate v(0).
17
Let q(d) = -7*d + 6. Let f = 8571 + -8569. Give q(f).
-8
Let u(l) be the second derivative of l**5/20 + 5*l**4/12 - l**2/2 + 2*l - 5234. Calculate u(-5).
-1
Let q(l) = 14*l**3 + 9*l**2 - 12*l - 18. Let d(k) = 5*k**3 + 3*k**2 - 4*k - 6. Let t(v) = 11*d(v) - 4*q(v). Calculate t(-3).
-6
Let h(f) = -f**2 + 147*f + 137*f + 12 - 273*f + 4*f**2 - 2*f**2. What is h(-10)?
2
Let p = -10549 - -10551. Let h(z) = 38*z - 66. Give h(p).
10
Let n(q) be the first derivative of -q**2/2 + 17*q - 10. Let l(a) = -2*a**3 + 22*a**2 - 38*a + 30. Let b be l(9). Give n(b).
5
Let a(b) = -47*b + 15. Let n(z) = -16*z + 19. Let i(k) = 33*k - 36. Let c(u) = 6*i(u) + 11*n(u). Let t(w) = -6*a(w) - 13*c(w). Determine t(-1).
5
Suppose -50 = -9*j - j. Suppose v - j = -3*h, -h + 4*h + 5*v + 11 = 0. Let w be h/4*(-1 + -3). Let x(m) = m**2 + 2*m + 3. Calculate x(w).
6
Let y be (9 + -4)*(-4 + (-120)/(-75)). Let n(t) = 5*t + 57. Determine n(y).
-3
Suppose 0 = -2*s + 2*d, 854*s = 853*s + 4*d + 6. Let q(x) = -19*x - 9. Determine q(s).
29
Let v be 5/3*-9 + 23. Let b(q) = q - 15. Give b(v).
-7
Let p(t) = 16*t**2 - 12*t - 6. Let y(l) = -8*l**2 + 3*l + 4. Let x(h) = -2*p(h) - 5*y(h). Calculate x(-2).
6
Let w = 670 - 671. Let p(z) = -4*z**3 + z + 2. Give p(w).
5
Let k(w) = -5*w**3 + 4*w**3 - 34*w**3 + 32*w**3 + 5*w**3 + 2*w - 12. Calculate k(0).
-12
Let q be 4/9*(595/65 - (-2)/(-13)). Let w(m) = 2*m**3 - 10*m**2 + 14*m + 3. Give w(q).
27
Let z(v) = 29*v - 21. Let d(s) = -7*s + 5. Let h(r) = 9*d(r) + 2*z(r). Let o be (-18)/30*140/(-12). Let a(f) = -6*f + 4. Let q(x) = o*h(x) - 6*a(x). Give q(-5).
-8
Let h(s) = 2*s**3 - 56*s**2 - 56*s - 56. Let o be h(29). Let y(l) = -6*l**2 + l + 1. Determine y(o).
-21
Let o(v) = -3*v**2 + 2*v + 1. Let x = -31 + 55. Suppose -m + 4*b = -b - x, 3*m + 4 = -4*b. Suppose 4*j = -2*g + 4, m*j - g = -2*g. Give o(j).
-4
Let i(s) = -9 + 45 - 7 - 8 - 3*s + s**2 - 17. Determine i(-4).
32
Let r be (-5)/(-2) + 15/10. Suppose -b - r*y + 5 = 0, 0*b + 6 = 5*b + y. Let q(k) = -3 - 3*k + b + 9*k + 4. What is q(-2)?
-10
Let b(n) = -n - 4. Let x(y) = 3. Let r be -9*4/(-36)*3. Suppose 11 = r*d - 6*d - 2*h, d - 3*h = 0. Let f(o) = d*x(o) - 2*b(o). Calculate f(5).
9
Let z(f) be the third derivative of f**4/12 - 7*f**3/6 + 3*f**2 + 362*f. Suppose -3*y + 2*y - 5 = 0. Calculate z(y).
-17
Suppose -32 - 40 = 9*m. Let z(f) = -2*f + 2. Let s be z(m). Let b(r) = -6 - 17*r**3 + 0 + s*r**3 + 3 - r**2. Determine b(0).
-3
Let p(c) = 11*c**2 + 2*c - 1. Let k(y) = y**3 - 3*y**2 - 6*y - 2. Let i be k(4). Let m be (-3)/5 + (-56)/i. Suppose m = 5*z - 0. Give p(z).
12
Let h(x) = x**2 - 3*x. Let n(m) = -6*m - 24. Let z be n(-9). Let t = -26 + z. Determine h(t).
4
Let i be 29 + (-1 - (-1 - -2 - 1)). Let s = i - 23. Let z(v) = v - 1. What is z(s)?
4
Let i(c) = -c + 4. Let h(a) = 3*a**2 + 19*a + 12. Let r be h(-6). Let y = -6 + r. Let p be y + 1 - -1 - (-119)/(-17). What is i(p)?
9
Let q be ((-5)/(-10))/((7/348)/(-7)). Let a = q + 177. Let d(g) = g**3 - 5*g**2 + 4*g - 4. Determine d(a).
-10
Let u = 33408 + -33403. Let a = 3 - 1. Let d(y) = -y**2 - 5 - y + 2*y**a - 1. Calculate d(u).
14
Let q be ((-8)/28)/((-14)/98). Let b(d) = -q - 7 - 48*d + 0 + 49*d. Determine b(13).
4
Let r(w) = -323*w + 27 - 35 + 329*w - 8*w**2. What is r(3)?
-62
Let l(p) = p**3 - 4*p**2 + 9 - 3*p**2 - 2144*p + 2143*p. Determine l(7).
2
Let i(y) be the third derivative of -11*y**4/12 + 2*y**3/3 + 635*y**2. Calculate i(-2).
48
Let n be (-754)/116 - (-7)/1. Let s(g) be the first derivative of g + n*g**2 - 9 + 1/3*g**3. Determine s(0).
1
Suppose 23 = 2*v - 2*o + 19, 0 = 3*o - 6. Let w(j) be the second derivative of -j**4/6 + 2*j**3/3 